st common factor of 112 and x.
16
Let h be (2 - 502)/(-4) - -1. Calculate the highest common divisor of 14 and h.
14
Suppose -2*g = 4, -3*g + 3 + 0 = 3*i. Calculate the highest common factor of i and 27.
3
Let n(x) = x**2 - 7*x + 1. Let o be n(7). Suppose p - 13 = -4*p + k, -2*p + 14 = 4*k. Calculate the highest common divisor of p and o.
1
Suppose 119 - 17 = t. Calculate the highest common factor of t and 17.
17
Let f = -82 + 36. Let m = f - -64. What is the highest common divisor of m and 144?
18
Let f(c) = -c. Let v be (10/(-4))/((-2)/(-4)). Let s be f(v). What is the greatest common divisor of s and 2?
1
Let d be 0/(2 + 2) + (-24)/(-1). What is the highest common divisor of d and 84?
12
Suppose -3*o + 296 = 5*d + 41, 0 = 3*o - d - 237. Let a be 20/((-3 + 2)*-1). Calculate the highest common divisor of a and o.
20
Let w = 19 + -13. Calculate the greatest common factor of w and 15.
3
Let y(r) = 8*r**2 + 4. Let b be y(-4). Let i = 21 + -9. What is the highest common divisor of i and b?
12
Let u = 12 - 4. Calculate the greatest common divisor of 40 and u.
8
Let p(v) = v - 7. Let u be p(9). Suppose -3*d - l - 45 = 0, u*l + 20 = -0*d - d. Let y be 7/(d/20)*-3. Calculate the greatest common divisor of y and 3.
3
Suppose 4*q + 27 = 3. Let s = q - -66. Calculate the highest common factor of s and 40.
20
Suppose -d + 4*b - 10 = -3*d, 0 = 2*d + 3*b - 7. Suppose 18 = 3*i - 0. Let y = i + d. What is the greatest common divisor of y and 40?
5
Let k = 9 + -6. Suppose -5*g + 61 = -z + k*z, 0 = -5*z - 3*g + 162. What is the highest common divisor of z and 3?
3
Suppose 0 = 2*r - 0 - 24. Calculate the greatest common divisor of 9 and r.
3
Let s be -1 + (-2 - -1) + 36. Suppose -5*v = -s - 6. Suppose -7*n - 2 = -9. What is the greatest common factor of n and v?
1
Let o(g) = g**3 - 9*g**2 + 9*g - 10. Let b be o(7). Let v be b/6*(-2)/3. What is the highest common divisor of 5 and v?
5
Let x be (-1)/(-2) + 29/2. Calculate the highest common divisor of x and 5.
5
Let v = -16 - -7. Let g(p) = -3*p - 12. Let d be g(v). What is the greatest common factor of d and 10?
5
Suppose 37 = -4*h + g, -5*g + 17 + 8 = -4*h. Let m = 106 + h. Let i(x) = -x**3 - 2*x**2 - x. Let z be i(-3). What is the highest common divisor of z and m?
12
Let r = -6 + 10. Let t(p) = 11*p**2 + 2*p - 1. Let i be t(1). Calculate the highest common factor of i and r.
4
Suppose -28 = -5*a + 17. Let z(b) = b**3 - 4*b**2 - 8*b - 10. Let f be z(7). What is the greatest common factor of a and f?
9
Suppose 0 = d - 2*t + 4, 2*t - 6*t = -d - 10. Suppose d*x + 2*x = 8. Suppose x*z - 1 = z. Calculate the greatest common divisor of 7 and z.
1
Suppose -2*j - y + 132 = 0, 188 = -0*j + 3*j + 4*y. What is the highest common factor of 51 and j?
17
Let m(z) = -z**2 + 4*z + 1. Let b be m(6). Let i = b - -7. Let r be (24/(i + 1))/(-1). Calculate the greatest common divisor of r and 20.
4
Let a be (-22)/(-4 - 0 - -3). What is the greatest common factor of a and 55?
11
Let q = 306 - 190. Let v be (-3)/5 + q/10. Suppose -4*r = -267 - 129. Calculate the greatest common divisor of r and v.
11
Let n(l) = -l**2 - 15*l + 12. Let c be n(-14). What is the greatest common factor of 130 and c?
26
Let d(q) = q**2 + 6*q + 9. Let j be d(-5). Let m = -8 + 14. What is the greatest common divisor of j and m?
2
Let a(i) be the second derivative of 2*i**3/3 + 3*i**2/2 - 4*i. Let k be a(4). What is the greatest common divisor of k and 152?
19
Let u be (-2)/5 - (-411)/15. Let d(y) = -y**2 + 7*y. Let p be d(7). Suppose -z = -p*z - 3. What is the highest common factor of z and u?
3
Suppose 2*l - 237 + 5 = 0. Let x = l - 62. Calculate the highest common factor of x and 6.
6
Suppose 0 = -5*n + 30 + 10. Suppose -3*b + 3 = -9. Suppose 0 = -5*g + 5*x + 60, 0*g + 24 = g - b*x. What is the greatest common factor of g and n?
8
Suppose -c + 24 - 7 = 0. What is the highest common divisor of c and 119?
17
Let h = -8 - 20. Let n = 50 + h. Calculate the greatest common factor of n and 55.
11
Let s be ((-192)/(-10))/((-2)/(-10)). Suppose -5*x + 6 = -4. Suppose x*v - 60 = -3*v. Calculate the greatest common divisor of v and s.
12
Suppose -p = -t - 2*p + 4, 4*t - 16 = 5*p. Calculate the highest common factor of 2 and t.
2
Suppose 3*i - 152 = 28. Let u be (-13 + -2)*2/(-3). Calculate the highest common divisor of u and i.
10
Let a be -1 - (1 + -9 + -2). Let w be a*3 - (2 + 0). What is the highest common factor of 10 and w?
5
Suppose -3*c + 3*w = 0, 0 = -4*c - w - 2 - 23. Let g(r) = 3*r**2 + 7*r + 4. Let a be g(c). Calculate the greatest common factor of a and 4.
4
Suppose -2*u = -8 - 88. What is the greatest common divisor of 32 and u?
16
Suppose -8*k + 1 = -7*k. What is the greatest common factor of 4 and k?
1
Let p be (-6)/4*20/(-15). Let g(z) = 19*z**2 + z. Let t be g(-1). What is the highest common divisor of p and t?
2
Let s = -9 - -19. Calculate the greatest common factor of 5 and s.
5
Let b = 6 - 2. Calculate the greatest common factor of 10 and b.
2
Let y(c) = c + 4. Let d be y(3). Suppose -4*f - 265 = -5*v, -2*f = 5*v - 79 - 156. What is the greatest common factor of v and d?
7
Let a be 3*(-134)/(-9) - 34/51. What is the greatest common divisor of 4 and a?
4
Suppose 2*n = -3*n - 5. Let t be (-1)/(n*(-2)/(-60)). Suppose 0 = f - 72 + 27. Calculate the greatest common factor of f and t.
15
Suppose c - s = 11, -2*s + 19 = 5*c - 71. What is the highest common factor of c and 8?
8
Let r(w) = -184*w**2 - w + 1. Let y be r(1). Let v = y + 272. Let s = v - 60. Calculate the greatest common factor of s and 42.
14
Suppose -3*t - 231 = -2*i, 4*i - 127 = 5*t + 336. Calculate the highest common divisor of i and 9.
9
Let u(o) = 4*o**2 - 20*o + 6. Let a be u(8). Calculate the highest common factor of 34 and a.
34
Let c be 6 + (-2)/(-1) + -5. What is the highest common divisor of 21 and c?
3
Let l = 97 - 17. Calculate the highest common divisor of 32 and l.
16
Let g = -20 + -5. Let x be (-3)/1 - -2 - g. Calculate the greatest common divisor of x and 12.
12
Let y(r) = -r**3 - 11*r**2 - 14*r - 26. Let h be y(-10). Calculate the greatest common factor of 14 and h.
14
Let p be (1/(-2))/((-2)/24). Suppose -7*k = -2*x - 3*k - 12, -2*x - 4*k = -12. Let q = 2 + x. Calculate the highest common factor of p and q.
2
Suppose -5 = 4*s - 29. Calculate the greatest common factor of 15 and s.
3
Let h = 122 - 120. Calculate the highest common divisor of h and 8.
2
Let v be 45/(-25)*-17*(-20)/(-6). Suppose 3*w - 80 = -4*i, 2*w - 5 = -i + 5*w. What is the highest common divisor of i and v?
17
Let k be 7/(35/750) + 0. Calculate the greatest common factor of 30 and k.
30
Suppose 0*g + 3*g = 24. What is the highest common divisor of 88 and g?
8
Suppose -v + 195 = 4*m, -4*m + 152 = -m - 5*v. Suppose 2*d - 257 - m = 0. Suppose 4*c = 461 - d. Calculate the highest common divisor of 11 and c.
11
Let g(d) be the first derivative of 1/3*d**3 + 0*d + 3/2*d**2 + 1. Let y be g(-4). What is the greatest common factor of 44 and y?
4
Suppose 10 = -x + 7. Suppose -50 = -4*b + 2. Let q = b + x. What is the greatest common factor of q and 90?
10
Suppose 3*q + h = 10, 0*q + q + 20 = -5*h. Suppose -q*n = -186 - 59. What is the greatest common factor of n and 7?
7
Let n = 34 + -4. Calculate the highest common factor of n and 12.
6
Let c = 0 - -10. Let g = -264 + 514. Suppose i + 4*i - g = 0. What is the greatest common divisor of c and i?
10
Let a be (-2)/7 + (-64)/(-28). Let u(g) = -g**3 - 3*g**2 - g + 3. Let b be u(-3). Calculate the highest common factor of b and a.
2
Suppose 0 = -g + 2*s, 3*g + 12 - 48 = -3*s. Calculate the highest common factor of g and 8.
8
Let g be 21 - (-1 - -2)*1. Let q = -130 - -230. What is the greatest common divisor of g and q?
20
Suppose 0 = -3*u - 21 - 24. Let f = u - -27. Let s(g) = g**3 - 29*g**2 + 26*g + 60. Let l be s(28). What is the greatest common divisor of l and f?
4
Suppose -3*b + 12 = 3*r, 4*r - 3*r + 5 = 2*b. What is the highest common factor of b and 3?
3
Let k = 296 - 143. Calculate the highest common divisor of 17 and k.
17
Let f = 36 - 9. What is the highest common factor of f and 3?
3
Suppose -2*l = -4*l - 2. Let o(w) = w**2 - 2*w - 1. Let c be o(l). What is the greatest common divisor of c and 4?
2
Suppose 0 = -5*q + 20 + 5. Suppose q*g - 2*d - 3*d - 80